54 is divided by 455?
454
What is the remainder when 1330 is divided by 1037?
293
Calculate the remainder when 23078 is divided by 224.
6
Calculate the remainder when 1330 is divided by 247.
95
Calculate the remainder when 56787 is divided by 342.
15
Calculate the remainder when 80025 is divided by 265.
260
Calculate the remainder when 2942 is divided by 969.
35
Calculate the remainder when 204791 is divided by 742.
741
What is the remainder when 7325 is divided by 80?
45
Calculate the remainder when 329154 is divided by 27.
24
What is the remainder when 2178718 is divided by 85?
83
Calculate the remainder when 738056 is divided by 32.
8
Calculate the remainder when 22237 is divided by 80.
77
Calculate the remainder when 46246 is divided by 38.
0
Calculate the remainder when 2906 is divided by 2609.
297
Calculate the remainder when 1918 is divided by 128.
126
Calculate the remainder when 116924 is divided by 35.
24
Calculate the remainder when 3374 is divided by 133.
49
Calculate the remainder when 1669 is divided by 67.
61
What is the remainder when 26685 is divided by 22?
21
Calculate the remainder when 22286 is divided by 142.
134
What is the remainder when 11286 is divided by 12?
6
Calculate the remainder when 3454 is divided by 91.
87
What is the remainder when 3342 is divided by 4?
2
What is the remainder when 73712 is divided by 10530?
2
Calculate the remainder when 141060 is divided by 30.
0
Calculate the remainder when 72219 is divided by 48.
27
What is the remainder when 2209 is divided by 733?
10
Calculate the remainder when 83261 is divided by 21.
17
What is the remainder when 2653 is divided by 568?
381
What is the remainder when 211967 is divided by 61?
53
Calculate the remainder when 4259 is divided by 315.
164
What is the remainder when 2686 is divided by 21?
19
Calculate the remainder when 833 is divided by 109.
70
What is the remainder when 8522 is divided by 170?
22
Calculate the remainder when 9440 is divided by 6.
2
Calculate the remainder when 1118 is divided by 539.
40
Calculate the remainder when 168672 is divided by 18.
12
Calculate the remainder when 3163 is divided by 92.
35
What is the remainder when 1110401 is divided by 371?
369
What is the remainder when 938 is divided by 141?
92
Calculate the remainder when 58888 is divided by 71.
29
What is the remainder when 4497 is divided by 4464?
33
What is the remainder when 329398 is divided by 150?
148
Calculate the remainder when 10509 is divided by 292.
289
Calculate the remainder when 187511 is divided by 156.
155
What is the remainder when 264667 is divided by 17?
11
What is the remainder when 2366001 is divided by 414?
405
What is the remainder when 15769 is divided by 848?
505
Calculate the remainder when 1461176 is divided by 60.
56
What is the remainder when 9326 is divided by 19?
16
Calculate the remainder when 995 is divided by 454.
87
What is the remainder when 2274 is divided by 57?
51
What is the remainder when 1192 is divided by 545?
102
Calculate the remainder when 264617 is divided by 655.
652
Calculate the remainder when 48784 is divided by 314.
114
Calculate the remainder when 23615 is divided by 381.
374
Calculate the remainder when 13515 is divided by 65.
60
Calculate the remainder when 17690 is divided by 631.
22
Calculate the remainder when 1236 is divided by 73.
68
Calculate the remainder when 3707140 is divided by 9.
4
What is the remainder when 73007 is divided by 98?
95
What is the remainder when 77690 is divided by 317?
25
What is the remainder when 1951 is divided by 21?
19
Calculate the remainder when 2671 is divided by 144.
79
What is the remainder when 839902 is divided by 383?
366
Calculate the remainder when 1236084 is divided by 618034.
16
Calculate the remainder when 1102 is divided by 889.
213
What is the remainder when 43278 is divided by 2072?
1838
What is the remainder when 34333 is divided by 324?
313
Calculate the remainder when 5453 is divided by 21.
14
Calculate the remainder when 17727 is divided by 233.
19
Calculate the remainder when 131577 is divided by 42.
33
What is the remainder when 12244 is divided by 44?
12
What is the remainder when 37473 is divided by 694?
691
What is the remainder when 1300 is divided by 1285?
15
What is the remainder when 38550 is divided by 12792?
174
What is the remainder when 2372 is divided by 99?
95
Calculate the remainder when 104684 is divided by 243.
194
Calculate the remainder when 3972448 is divided by 29.
28
Calculate the remainder when 3465 is divided by 34.
31
What is the remainder when 426088 is divided by 1379?
1356
Calculate the remainder when 24224 is divided by 12107.
10
Calculate the remainder when 2652 is divided by 994.
664
Calculate the remainder when 17099 is divided by 16972.
127
Calculate the remainder when 90790 is divided by 90778.
12
What is the remainder when 5470 is divided by 11?
3
Calculate the remainder when 121 is divided by 30.
1
What is the remainder when 3034 is divided by 105?
94
What is the remainder when 38216 is divided by 70?
66
What is the remainder when 163767 is divided by 4?
3
What is the remainder when 52406 is divided by 312?
302
Calculate the remainder when 123858 is divided by 784.
770
What is the remainder when 71164 is divided by 5?
4
What is the remainder when 19680 is divided by 238?
164
What is the remainder when 40057 is divided by 97?
93
What is the remainder when 6893 is divided by 1141?
47
Calculate the remainder when 25452 is divided by 2121.
0
What is the remainder when 17684 is divided by 553?
541
What is the remainder when 41858 is divided by 41793?
65
What is the remainder when 256272 is divided by 456?
0
What is the remainder when 77953 is divided by 15?
13
Calculate the remainder when 4826 is divided by 440.
426
Calculate the remainder when 1282 is divided by 96.
34
What is the remainder when 272435 is divided by 90798?
41
Calculate the remainder when 63057 is divided by 31445.
167
Calculate the remainder when 3868 is divided by 845.
488
What is the remainder when 460 is divided by 207?
46
What is the remainder when 17471 is divided by 23?
14
What is the remainder when 24907 is divided by 50?
7
What is the remainder when 29677 is divided by 606?
589
Calculate the remainder when 6674 is divided by 6663.
11
Calculate the remainder when 13090 is divided by 97.
92
What is the remainder when 39619 is divided by 13?
8
What is the remainder when 1825 is divided by 22?
21
Calculate the remainder when 18125 is divided by 955.
935
Calculate the remainder when 252347 is divided by 515.
512
What is the remainder when 43366 is divided by 14454?
4
What is the remainder when 8573 is divided by 535?
13
Calculate the remainder when 1499 is divided by 24.
11
What is the remainder when 6837 is divided by 286?
259
What is the remainder when 1090321 is divided by 528?
1
Calculate the remainder when 51804 is divided by 1326.
90
What is the remainder when 107765 is divided by 15394?
7
What is the remainder when 343400 is divided by 206?
204
Calculate the remainder when 38271 is divided by 69.
45
Calculate the remainder when 15876 is divided by 4752.
1620
What is the remainder when 4147 is divided by 300?
247
Calculate the remainder when 936 is divided by 478.
458
What is the remainder when 15711 is divided by 4475?
2286
Calculate the remainder when 25040 is divided by 62.
54
What is the remainder when 48519 is divided by 24224?
71
What is the remainder when 2847 is divided by 293?
210
Calculate the remainder when 16771 is divided by 16760.
11
Calculate the remainder when 244086 is divided by 37.
34
Calculate the remainder when 36280 is divided by 2134.
2
Calculate the remainder when 9737 is divided by 2356.
313
What is the remainder when 20692 is divided by 131?
125
What is the remainder when 32941 is divided by 264?
205
What is the remainder when 940478 is divided by 3?
2
Calculate the remainder when 2710005 is divided by 72.
69
What is the remainder when 53994 is divided by 45?
39
What is the remainder when 1490048 is divided by 425?
423
What is the remainder when 15141 is divided by 7485?
171
Calculate the remainder when 1720185 is divided by 10.
5
Calculate the remainder when 32702 is divided by 97.
13
Calculate the remainder when 11332 is divided